ase 14?
3d4a
12010 (base 4) to base 6
1444
What is 8b5 (base 14) in base 3?
2100222
Convert -7a (base 15) to base 10.
-115
Convert -11000121 (base 3) to base 5.
-43212
What is 310304 (base 5) in base 7?
41246
Convert 87 (base 15) to base 9.
151
Convert 2202020 (base 3) to base 5.
31004
Convert 173 (base 9) to base 5.
1042
Convert -6315 (base 9) to base 13.
-2153
Convert 1233 (base 5) to base 13.
11b
What is 205c (base 13) in base 6?
32411
1506d (base 15) to base 10
67603
1163 (base 10) to base 5
14123
What is 37581 (base 9) in base 8?
61260
-6605 (base 7) to base 3
-10020022
113566 (base 7) to base 10
20530
Convert 1317 (base 8) to base 2.
1011001111
What is -3549 (base 10) in base 4?
-313131
What is 2919 (base 12) in base 2?
1001010100101
What is d1c (base 15) in base 7?
11415
What is 1111000101 (base 2) in base 14?
4cd
457 (base 14) to base 11
713
Convert -972 (base 10) to base 5.
-12342
Convert 2906 (base 16) to base 2.
10100100000110
What is 515 (base 10) in base 8?
1003
What is 297 (base 11) in base 9?
426
What is 227 (base 10) in base 11?
197
What is -21064 (base 7) in base 9?
-7107
Convert -124b (base 12) to base 15.
-935
What is -3975 (base 12) in base 11?
-4a32
What is -1544 (base 8) in base 15?
-3cd
Convert -1240 (base 7) to base 3.
-122101
Convert -12b36 (base 12) to base 11.
-18441
What is -112222 (base 4) in base 14?
-758
-2029 (base 11) to base 16
-a85
Convert 73ce (base 16) to base 15.
8bb6
-16041 (base 7) to base 4
-1012020
3003 (base 10) to base 6
21523
What is 4124 (base 7) in base 3?
1222022
-2111 (base 5) to base 13
-188
-75727 (base 8) to base 5
-2003303
166405 (base 7) to base 9
50821
What is 10011110 (base 2) in base 12?
112
690 (base 13) to base 4
101223
What is 1111110100000 (base 2) in base 3?
102002212
174a (base 15) to base 11
3854
-3343 (base 5) to base 13
-2a5
What is 312 (base 11) in base 14?
1cc
607 (base 16) to base 4
120013
Convert 281 (base 11) to base 8.
513
-101000000111101 (base 2) to base 11
-14484
What is 30 (base 5) in base 2?
1111
What is -17747 (base 8) in base 5?
-230132
271 (base 14) to base 9
605
22041 (base 6) to base 14
117b
Convert 7224 (base 10) to base 13.
3399
Convert 1101000011100 (base 2) to base 8.
15034
What is -11132 (base 5) in base 3?
-1002100
1a10 (base 11) to base 16
9f8
What is -35b (base 13) in base 12?
-407
Convert -405 (base 7) to base 6.
-533
Convert 1472 (base 13) to base 6.
21422
What is -473 (base 12) in base 11?
-553
1204341 (base 6) to base 11
4353a
-332045 (base 6) to base 4
-12300131
1244 (base 7) to base 15
218
21222001 (base 3) to base 14
218a
What is 125 (base 13) in base 14?
104
What is 1401 (base 9) in base 2?
10000011110
Convert 240354 (base 6) to base 8.
50616
Convert 210012 (base 5) to base 14.
2718
What is -f57 (base 16) in base 15?
-126c
-722e (base 15) to base 8
-57067
-254431 (base 6) to base 7
-124141
101012010 (base 3) to base 12
4370
Convert 1555 (base 9) to base 13.
701
What is -400 (base 10) in base 14?
-208
Convert 110021 (base 4) to base 9.
1682
What is -1638 (base 13) in base 10?
-3258
Convert -22a72 (base 12) to base 5.
-2441304
-1878 (base 11) to base 2
-100101010000
What is 110111000000011 (base 2) in base 15?
8528
Convert -31530 (base 6) to base 7.
-15354
Convert -10010110011 (base 2) to base 14.
-61d
Convert 10b (base 16) to base 8.
413
Convert 2a8 (base 11) to base 14.
1ba
Convert 23023 (base 4) to base 5.
10330
What is 2 (base 5) in base 6?
2
Convert 4 (base 10) to base 3.
11
Convert -3513 (base 7) to base 15.
-5a9
What is 11222 (base 7) in base 2?
101100101010
-10b1 (base 14) to base 6
-21231
What is 570 (base 11) in base 2?
1010101010
a24 (base 13) to base 7
5005
Convert -a8 (base 11) to base 4.
-1312
Convert -2130102 (base 5) to base 11.
-2528a
What is -111010101 (base 3) in base 10?
-9568
Convert 55c (base 16) to base 2.
10101011100
What is -3424223 (base 5) in base 8?
-167404
What is -7650 (base 10) in base 6?
-55230
13145 (base 8) to base 9
7770
What is -6115 (base 12) in base 13?
-4a3c
What is -3d50 (base 15) in base 13?
-5c88
What is 2a02 (base 14) in base 15?
231a
Convert -22211 (base 4) to base 12.
-485
What is 207 (base 9) in base 16?
a9
Convert 21104 (base 6) to base 10.
2848
What is 1011101100101 (base 2) in base 12?
3571
Convert -b0 (base 13) to base 10.
-143
-3605 (base 7) to base 4
-110300
What is 111101110011 (base 2) in base 15?
128a
What is -9798 (base 11) in base 9?
-18660
Convert -101224 (base 6) to base 9.
-12067
Convert 22613 (base 7) to base 6.
42452
What is -287 (base 11) in base 10?
-337
What is -111111111 (base 2) in base 16?
-1ff
-735b (base 13) to base 4
-3321122
Convert -4cb0 (base 16) to base 2.
-100110010110000
Convert 457 (base 9) to base 12.
274
132246 (base 8) to base 12
2291a
Convert -1011010010 (base 2) to base 8.
-1322
Convert 17296 (base 11) to base 4.
11323301
-516a (base 11) to base 5
-204402
Convert -30461 (base 9) to base 7.
-112330
Convert -2d6 (base 15) to base 4.
-22023
Convert -20313 (base 9) to base 4.
-3101001
-13024 (base 5) to base 9
-1346
What is 3301 (base 5) in base 10?
451
266 (base 12) to base 14
1c2
Convert -2503 (base 13) to base 3.
-21012011
41bd (base 14) to base 11
8579
What is -10101001001 (base 2) in base 10?
-1353
3a2 (base 14) to base 11
604
Convert 31a5 (base 13) to base 9.
10411
-11a3 (base 16) to base 2
-1000110100011
Convert -13434 (base 5) to base 11.
-928
-101422 (base 5) to base 16
-d22
-195a3 (base 12) to base 5
-2142011
Convert 101011100000111 (base 2) to base 4.
11130013
What is 925 (base 16) in base 4?
210211
667 (base 16) to base 3
2020201
Convert -381 (base 16) to base 6.
-4053
Convert -300221 (base 4) to base 14.
-11c5
893 (base 12) to base 5
20023
Convert 505 (base 12) to base 15.
335
What is 11647 (base 11) in base 12?
9839
Convert 103 (base 9) to base 11.
77
What is -2136 (base 11) in base 5?
-42242
-14475 (base 14) to base 8
-142147
Convert 21111 (base 3) to base 16.
ca
Convert 3012110 (base 4) to base 5.
401232
1743 (base 10) to base 4
123033
-6b0c (base 13) to base 14
-56b3
What is 1144 (base 10) in base 2?
10001111000
What is 1001222012 (base 3) in base 14?
79a7
What is -12c66 (base 13) in base 2?
-1000100011111011
What is 1063 (base 13) in base 2?
100011100110
Convert -345 (base 13) to base 4.
-20310
Convert 1012111 (base 5) to base 12.
9697
What is -781 (base 13) in base 6?
-5544
Convert 1110100111 (base 2) to base 11.
780
15177 (base 11) to base 4
11033331
1168 (base 14) to base 16
bd8
Convert 120 (base 9) to base 2.
1100011
Convert 1204 (base 8) to base 10.
644
What is 37b41 (base 12) in base 5?
4412222
Convert 760 (base 11) to base 3.
1020211
What is 11100010100100 (base 2) in base 7?
60163
Convert -10cc0 (base 13) to base 5.
-1440440
What is -30075 (base 8) in base 5?
-343344
Convert 225 (base 16) to base 3.
202100
Convert 1413 (base 9) to base 10.
1065
Convert -658 (base 12) to base 7.
-2501
Convert 2215 (base 6) to base 14.
28b
Convert -13657 (base 16) to base 12.
-39b87
1000101 (base 3) to base 8
1343
14123 (base 5) to base 9
1532
Convert -61d (base 16) to base 10.
-1565
What is 523 (base 15) in base 7?
3243
-10100110 (base 2) to base 8
-246
-1703 (base 12) to base 3
-10202110
What is 27c8 (base 15) in base 13?
3b4b
What is -4927 (base 13) in base 6?
-115514
Convert 2033 (base 6) to base 4.
13011
Convert -34241 (base 5) to base 12.
-14ba
What is -1492 (base 11) in base 6?
-12512
Convert -3671 (base 10) to base 7.
-13463
Convert 12100110 (base 3) to base 6.
30020
18177 (base 10) to base 16
4701
-15b1 (base 13) to base 14
-1238
What is -2207 (base 10) in base 9?
-3022
Convert -16923 (base 10) to base 9.
-25183
Convert -103013331 (base 4) to base 6.
-1402353
Convert -7877 (base 10) to base 2.
-1111011000101
Convert ac (base 15) to base 8.
242
Convert 1001011110110011 (base 2) to base 6.
455443
Convert -470 (base 9) to base 11.
-322
140 (base 12) to base 8
300
Convert -1120122 (base 3) to base 11.
-957
What is -12b82 (base 13) in base 3?
-1202220100
2240 (base 11) to base 7
11411
Convert 11000201 (base 3) to base 8.
5567
Convert 3314011 (base 5) to base 15.
12006
Convert -1d68 (base 14) to base 3.
-21101102
Convert 1400 (base 7) to base 16.
21b
What is 732a (base 11) in base 7?
40213
What is 4064 (base 9) in base 12?
187a
58586 (base 9) to base 10
391